 = -0*k + 5*k + 20. What is the hundreds digit of q?
8
Suppose 0 = -4*k + 4, -3*c - 3*k + 600 = 0. Let l = 482 - c. What is the hundreds digit of l?
2
Suppose 6*n - 7446 = 6234. Suppose 7*x = -x + n. What is the tens digit of x?
8
Suppose 1508 = -34*z - 906. Let r = -11 + 11. Let c = r - z. What is the tens digit of c?
7
Suppose 38*w = 39*w + 14. What is the tens digit of w/2 + 4 + 27?
2
Let w(v) = -36*v + 134. Suppose 5*r + b + 125 = 0, 5*r - 3*r + 50 = 2*b. What is the tens digit of w(r)?
3
What is the tens digit of (-17)/(1683/22) + 61256/9?
0
Let j(u) = u + 7. Let i be j(-21). Let o = i - -16. Suppose p = -4*n + 378, -384 = o*n - 6*n - 4*p. What is the units digit of n?
4
Let q = -34055 - -54908. What is the units digit of q?
3
Let g = -30 + 54. Suppose g*w = 51*w - 12906. What is the units digit of w?
8
Let x(o) = -17940*o**3 - 3*o**2 - 5*o - 3. What is the ten thousands digit of x(-1)?
1
Suppose -2*d = 4*z - 39764, 0 = -3*z - 310*d + 315*d + 29784. What is the thousands digit of z?
9
Suppose 120*t = 116*t + 12. Suppose 4*u + 950 = 2*k, -2*k + t*u = 5*u - 950. What is the units digit of k?
5
Let q = -19699 + 25679. What is the tens digit of q?
8
Suppose -21*t + 2*b = -25*t + 4, 4*t - 3*b = -16. What is the tens digit of (-72)/18 - (t + 1*-275)?
7
Let i be ((-8)/(-10))/(6/(-15)). Let m be -3 - (-3 + i) - -3. Let g = m - 4. What is the units digit of g?
1
Let o(p) = -4931*p - 603. What is the hundreds digit of o(-5)?
0
Let p(h) = 24*h - 37. Suppose 21 = 5*r + z, -4*r + 3*z + 34 - 21 = 0. What is the units digit of p(r)?
9
Let w = -155 + 155. Suppose w = -t + 59 - 25. What is the units digit of t?
4
Let s(l) = -335*l - 1169. What is the units digit of s(-15)?
6
Suppose -116572 = -4*m + 3*a, -87451 = -3*m - 9*a + 14*a. What is the ten thousands digit of m?
2
Let s = -136 - -227. Suppose s*v - 46971 = 40*v. What is the hundreds digit of v?
9
Let c(o) = 7*o**3 + 6*o**2 + 4*o - 4. Let g(b) = 34*b**3 + 31*b**2 + 21*b - 19. Let a(t) = 11*c(t) - 2*g(t). What is the units digit of a(4)?
2
What is the hundreds digit of 7/(630/4106710) + (-2)/18?
6
Suppose 0 = -3*w - y + 7608 + 173, 4*w - 10372 = -4*y. Suppose w = 3*x - 5*o, -4*x - o + 3436 = -2*o. What is the units digit of x?
8
Let i = 7129 - 3621. What is the tens digit of i?
0
Let h = -1126 - -7500. What is the units digit of h?
4
What is the hundreds digit of 4/(-8) + 8/(80/83525)?
3
Let o be 8 - (-3 - -7) - 0. Suppose o*u = 11*u + 497. What is the tens digit of (-126)/33 + (-6)/33 - u?
6
Suppose 52 + 18 = -5*y. What is the tens digit of (-470)/y - (-24)/(-42)?
3
Suppose -21*b - 4 = -23*b. Suppose b*k + 5*k = 735. What is the tens digit of k?
0
Let v(z) = 4*z - 1. Let x(l) = 203*l. Let o(j) = -4*v(j) - x(j). What is the units digit of o(-3)?
1
Let u(i) = -i**2 + 13*i - 8. Let p be u(12). Suppose p*j + 4*f - 9 = -1, -4*f = -4*j + 8. What is the tens digit of 1/(0 + j + -3) + 82?
8
What is the thousands digit of (2022/18*39)/(11 - 324/30)?
1
Suppose 0 = -4*h + 12 + 12. Suppose -2*y + 276 = 2*m + 3*y, 0 = -2*m - 2*y + 282. Suppose 0 = -i + m - h. What is the hundreds digit of i?
1
Let q = -525 - -659. Let w = 9 + -6. Suppose -o + w*h = -q, -42 = 5*h - 17. What is the hundreds digit of o?
1
Let o(n) = -4*n + 20. Let v be o(5). Suppose v = i + 3, 7*h - 4*h - 519 = -5*i. What is the tens digit of h?
7
Let w(f) = 6398*f - 570. What is the hundreds digit of w(4)?
0
Let r(y) = -5305*y + 338. What is the ten thousands digit of r(-3)?
1
Suppose -i + 2*m = -6*i + 19930, 3973 = i + 3*m. What is the units digit of i?
8
Let m = -51 - -62. Suppose -c + 373 = 3*y, 4*c + m + 9 = 0. What is the tens digit of y?
2
Let z = -565 + 569. Suppose -5*w - 1030 = -5*r, -5*r + 0*w + z*w + 1029 = 0. What is the hundreds digit of r?
2
Let v(g) be the third derivative of 23*g**5/60 - 5*g**4/12 - g**3 - 32*g**2 - g. What is the hundreds digit of v(-5)?
6
Let x = 1177 - 1151. Let p = 246 + -112. Let b = x + p. What is the units digit of b?
0
Suppose 0*q = 5*d - 3*q + 16, d = -q. What is the units digit of (-1)/d*-8 + 330?
6
Suppose 3*m - 374*y + 371*y - 44961 = 0, 5*y - 74985 = -5*m. What is the units digit of m?
2
Suppose -60*w + 65*w = 10. Suppose -l - 1944 = -w*a, 4*l - 502 - 1452 = -2*a. What is the units digit of a?
3
Let h(j) = j**2 + 4*j - 20. Let a be h(13). Suppose -4*i + 12*i = 1032. Suppose -10*l = -i - a. What is the tens digit of l?
3
Let s = -69 + 76. Suppose -53280 = -y - s*y. What is the tens digit of ((y/(-25))/6)/((-6)/20)?
4
Suppose 0 = -4*s - 5*s + 765. Let d = 400 - 257. Let k = d - s. What is the units digit of k?
8
Suppose 5*y = -3*v + 41032, 0 = 3*y - 73*v + 75*v - 24618. What is the thousands digit of y?
8
Let h(u) = 3*u + 13. Let w be h(-3). Suppose 12 = 8*i - w. What is the units digit of -1324*i/(-28) - (-3)/7?
5
Let d(u) = -4*u**3 - u**2 - 2*u + 682. Let j be d(0). Let m = j - 279. What is the hundreds digit of m?
4
Let n be (9/(-36))/((-1)/8). What is the tens digit of 1 + 1/n*1102?
5
Let k(q) = 17*q**2 + 9*q + 1 - 1 + 25 - 11*q. Let s be k(7). Suppose -x - 2*d + 170 = 0, -5*x - 4*d = -0*x - s. What is the units digit of x?
8
Let t = 114 + -84. Suppose 6*h - h = -t. What is the units digit of ((-114)/4)/(((-27)/h)/(-9))?
7
Suppose 3*x - 6 - 13 = -2*h, 0 = 4*x + 3*h - 26. Suppose x*s - 24*s + 2109 = 0. What is the units digit of s?
1
Suppose -2*a + 10 = 0, -g - 5*a + 17 = 3*g. Let m be 1935/405 - (0 - g/(-9)). Suppose 5*w - i - 408 = 134, 4*w = -m*i + 451. What is the units digit of w?
9
Let b = 9 - 27. Let w = -116 + 86. Let r = b - w. What is the units digit of r?
2
Let u be (-171)/(-228) + (-42)/(-8). Suppose -7*p = -u*p - 1, -5*p + 3555 = 5*b. What is the tens digit of b?
1
Let x(r) = -117*r - 11. Let j(m) = 59*m + 5. Let k(f) = -9*j(f) - 4*x(f). What is the tens digit of k(-6)?
7
Suppose 17*u - 2085 = 22*u. What is the units digit of (10/(-15) - 0)*u?
8
Let x = -20591 + 32991. What is the ten thousands digit of x?
1
Let l(i) = -22*i - 41. Let h be l(-2). Suppose -h*x - 374 = -2*d + 2*x, d + 2*x - 178 = 0. What is the tens digit of d?
8
Let g(b) = 5*b - 9. Let f be g(-3). What is the hundreds digit of ((-80)/f)/((-2)/(-201))?
3
Let h(s) = s**3 + 3*s**2 - 12*s - 12. Let z be h(-6). What is the tens digit of (-8)/z*15*8*1?
2
Suppose -50 + 62 = -4*q + n, 4*q - 4*n = -24. Let b(d) = -265*d + 75. What is the units digit of b(q)?
5
Let b(i) be the second derivative of -i**4/12 + 63*i**2/2 - 19*i. Let f be b(0). Suppose -s + 3 = -4*u, 4*s + 3*u - f = 2*u. What is the units digit of s?
5
Suppose 11830 = -58*c + 69946. What is the thousands digit of c?
1
Let x(g) = -93*g + 105. Let j(z) = 91*z - 105. Let p(o) = -4*j(o) - 5*x(o). What is the units digit of p(4)?
9
Suppose -3*j + 7 = -5. Let m be (-10)/j*(-40)/(-25). What is the tens digit of m/1*1 - -50?
4
Suppose 2*p - 195 = -a, -3*a + 665 = -5*p + 135. Suppose -3*u - 774 = -9*u. Let t = a - u. What is the units digit of t?
6
Let t(c) = -910*c + 2603. What is the ten thousands digit of t(-33)?
3
Suppose 38*k + 52620 = 147380 + 1324274. What is the tens digit of k?
4
Let k = -6661 - -35307. What is the hundreds digit of k?
6
Let q = -215 - -103. Let k be 2/16 + -2*833/q. Suppose 2*s = k - 11. What is the units digit of s?
2
Let u(l) = 82*l + 44. Let q(w) = 163*w + 89. Let d(f) = -4*q(f) + 9*u(f). What is the tens digit of d(2)?
1
Let g be (90/40)/((-1)/48). What is the tens digit of ((-280)/3)/(72/g)?
4
Let m(x) = 89*x**3 - 5*x**2 - 77*x + 308. What is the hundreds digit of m(4)?
6
Let r = -68 + -33. Let w = -91 - r. Suppose w*y - 611 = 349. What is the tens digit of y?
9
Let q = -1997 + 2882. Let y = -13 + 7. What is the tens digit of (-3)/(y/(-8))*q/(-30)?
1
Let i(q) = -3*q**3 - 6*q**2 + 18*q - 32. What is the tens digit of i(-14)?
7
Suppose 62*i = 22*i + 68360. What is the tens digit of i?
0
Suppose 3644 = 6*v + 26. Let d = v - 420. What is the hundreds digit of d?
1
Suppose -3*l - k = 21782 - 198449, -5*l + 294459 = -3*k. What is the thousands digit of l?
8
Let j(q) = -116*q - 1. Let i be j(-1). Let r = i - 203. Let l = r + 134. What is the tens digit of l?
4
Let o(w) = -11*w**3 - 27*w**2 - 60*w - 219. What is the units digit of o(-19)?
3
Suppose -2*y = -5*y + 3. Let o be (4/6)/((-10)/(-15)). What is the units digit of 31 + 3 + (y - o)?
4
Suppose -